t the prime factors of d.
2, 3
Let c be ((-174)/(-348))/(2 + (-6)/4). Suppose q - 32 = 5*q. What are the prime factors of 84 - c/(4/q)?
2, 43
Let z(i) = -i**3 - 6*i**2 - 9*i - 14. Let m be z(-5). Suppose 2*l = m*l + 252. What are the prime factors of (-1808)/(-14) + 9/l?
3, 43
Let u = -136 - -127. What are the prime factors of (-3848 + 5)/u + (-2)/(-2)?
2, 107
Let j be (-60)/((-2)/4*3). Suppose 4*h = 11*d - 13*d + j, 0 = -5*d + h + 100. What are the prime factors of d?
2, 5
Suppose 4*u + 5*u - 4*u = 0. Suppose 2*r - 10 = -2*a, u*a + 2*r = -a + 10. Suppose -5*n + 935 - 30 = a. What are the prime factors of n?
181
Let z = -381 - -250. Let o = 495 - z. What are the prime factors of o?
2, 313
Let h(u) = -7*u**2 - 17*u - 4. Let f be h(-9). Let n = f - -911. What are the prime factors of n?
17, 29
Let u(c) = -35*c**3 - 4*c**2 + 4*c + 9. Suppose 2*x = -t + 4*t + 13, -t + 5 = 4*x. List the prime factors of u(t).
2, 3, 151
Let w(o) = -o**3 - 13*o**2 - 15. Let j be w(-13). List the prime factors of (-22)/(-77) - j/(-42)*-3530.
13, 97
Let k be (175/14 - -2) + 2/4. Suppose -k*n - 13192 = -23*n. What are the prime factors of n?
17, 97
Let o(g) = -593*g + 3401. What are the prime factors of o(-22)?
16447
Let v be 37 - 0 - (-48)/(-16). Let z = v + -31. Suppose 0 = 2*o + z*o - 920. What are the prime factors of o?
2, 23
Let z be 36/63 - ((-78)/(-14) - 0). What are the prime factors of 635*(-2 - 12/z)?
2, 127
Let v = -43 + 123. Let q = v - 99. Let a(o) = o**3 + 20*o**2 + 6*o - 26. List the prime factors of a(q).
13, 17
Let k be 2/17 + (-53)/(-17)*-1. Let c(w) = -13*w**3 + 9*w**2 + 6*w - 7. What are the prime factors of c(k)?
11, 37
Let m(l) = 235*l**2 - 209*l + 72. List the prime factors of m(-5).
2, 19, 23
What are the prime factors of 7782/12 - (-6)/(-10)*(-65)/(-26)?
647
Suppose -3*h = 2*h + 45. List the prime factors of 6/27 - 1258/h.
2, 5, 7
Suppose 0 = 21*u - 1666 - 1652. Suppose -5*c - 116 = -4*l, -l + u = 4*l - 3*c. What are the prime factors of l?
2, 17
Let b be 3/(-6)*-2 - -2. Suppose 0 = -19*l + 14*l + 1495. Suppose 0 = 4*r + 3*o + 2*o - l, b*r + o - 227 = 0. What are the prime factors of r?
2, 19
Suppose -41*w + 46*w - 15 = 0. Suppose -65 = d + 3*t - 0*t, -4*t - 180 = w*d. Let n = 151 + d. What are the prime factors of n?
5, 19
Let k(o) = -4 - 71*o**3 - 3 + 4*o + 69*o**3 - o**2. Let j be k(5). What are the prime factors of j/(-14) + 6/21 - 2?
17
Suppose -28*t + 1358 = -1190. Suppose 5*m - 4*d - 296 = 75, m - t = 5*d. What are the prime factors of m?
71
Let w(r) = 3*r**2 + 36*r - 29. Let b be w(-13). List the prime factors of 544 - -2 - 70/b.
7, 11
Let h be (26 - 0)*(87/(-6) - -7). Let v = -115 - h. What are the prime factors of v?
2, 5
Let z(t) = t**3 - 7*t**2 - t + 7. Let b be z(7). Suppose 3*d + 294 = 3*w, 11*w - 16*w + 2*d + 475 = b. What are the prime factors of w?
3, 31
Let a be (0 - -3)/(9/951). Suppose -2*q = -2*g - 714, -a + 1398 = 3*q + 2*g. Suppose 3*v + v - 3*b = q, -4*v + 4*b = -360. What are the prime factors of v?
89
Suppose 1791 = -62*m + 547701. What are the prime factors of m?
3, 5, 587
Let q be (-5 + 0)/(-1) + 0. Let m be 5*28/(-15)*(-399)/28. Suppose 778 = q*x + m. List the prime factors of x.
3, 43
Suppose -20*m - 5 = -4*p - 15*m, 0 = 3*p - m - 1. Suppose 28*i - 31*i + 2928 = p. What are the prime factors of i?
2, 61
Let h = -9581 - -67949. What are the prime factors of h?
2, 3, 19
Let g = -85 + 123. Suppose 3*r + 0 = 4*j - 38, j = -4*r - g. Let d(y) = -7*y + 20. List the prime factors of d(r).
2, 3, 5
List the prime factors of 10/(-2)*36/(-15)*(-36754)/(-138).
2, 17, 47
Suppose 2*j = -4*v - 72, -3*j = -2*v - 7*j - 24. List the prime factors of (-51*24/v)/((-4)/(-30)).
3, 17
Suppose -4*c - 6 + 11 = -r, -4*r + 1 = 5*c. What are the prime factors of (646 - c) + -8 + 8?
3, 5, 43
Let r be (-6)/(-1) + 2 + -5. Suppose 3*x - r*z = 0, 7*x - 2*x = z. Let u(v) = -v**3 + v**2 + 2*v + 171. List the prime factors of u(x).
3, 19
Suppose 238*i - 10490940 + 3607264 = -111*i. What are the prime factors of i?
2, 4931
What are the prime factors of -9423*((-2)/4)/(83/166)?
3, 349
Let j = -56356 + 98368. List the prime factors of j.
2, 3, 389
What are the prime factors of (14/(-56)*-122152)/(2 + 0)?
15269
Suppose 26*q = 25*q - 8. List the prime factors of 4/q*-1382 - 6.
5, 137
Suppose -26*p - 1204 + 121721 = -24693. What are the prime factors of p?
5, 1117
Suppose 38*j + 851 + 3458 + 99 = 0. Let t = 222 - 44. Let o = t + j. What are the prime factors of o?
2, 31
Let z be 1476/(-30)*60/(-9). Let r = 592 - z. List the prime factors of r.
2, 3, 11
Suppose y = -3, -12*y = -2*m - 11*y + 15945. What are the prime factors of m?
3, 2657
Suppose 34*g - 14*g = 18*g + 11668. What are the prime factors of g?
2, 2917
Let a(v) = 91*v + 3650. What are the prime factors of a(30)?
2, 5, 11, 29
Let k(i) = -4*i**3 - 29*i**2 + 20*i + 1005. What are the prime factors of k(-17)?
2, 373
Let g(z) = -z**3 + 9*z**2 - 8. Let u be g(9). Let i(l) = l**2 + 4*l - 5. Let q be i(u). Let r = q + 10. List the prime factors of r.
37
Suppose 12330 = g + 18*k - 19*k, -k = -4*g + 49314. Suppose -21*q + g = 4810. List the prime factors of q.
2, 179
Let w(n) = 36*n - 152. Let q be w(19). Let x = 1145 - q. List the prime factors of x.
613
Suppose 2*i - 15 = -3*q, i + 4*q + 5 - 25 = 0. Let m be 12/5 - 12/30. Suppose s = 2*v - 71, m*v - v + 4*s - 40 = i. What are the prime factors of v?
2, 3
Let p = -72953 + 122351. List the prime factors of p.
2, 3, 8233
Let x(c) = -7*c + 73. Let o be x(10). Suppose -o*z = 2*m - 1369, 3*m - 5*z - 2749 = -m. List the prime factors of m.
2, 7
Suppose 0 = -5*p - z - 1 + 48, 3*z + 19 = p. Let t = p + -8. Suppose 5*j - 25 = -5*a, t*j + 4*a - 17 = -3. What are the prime factors of j?
3
Suppose 8*i - 63 = 4*i + 5*n, 0 = 3*i - 5*n - 51. List the prime factors of i/78 + 11644/26.
2, 7
Let q(d) = -d**3 - 3*d**2 + 2*d + 16. Let a be q(-5). Suppose -a = -7*s + 147. Suppose -755 = -3*w - 5*i, -4*i + s = -w + 309. List the prime factors of w.
2, 5, 13
Let k(p) = -6*p + 35*p**2 + 8*p**2 - 101*p + 3*p**2 - 5. What are the prime factors of k(4)?
3, 101
Suppose -4*v + 242 = 2*y, -3*y - 213 = 52*v - 55*v. What are the prime factors of v?
2
Let a = 9 + -7. Let g(c) = 10*c - 15. Let w be g(a). Suppose -7*x - 5*d = -2*x - 515, -w*d = 10. List the prime factors of x.
3, 5, 7
Suppose -248*z + 331*z = -1245. Let j be 10/4 - 1/(-2). What are the prime factors of (40/j)/(((-100)/z)/10)?
2, 5
Let r(q) = 4*q + 7. Let v be r(-1). Suppose -v*k + 0*k + 3*g = -18, -k - 4*g = -11. Suppose 0 = -k*a + 235 - 11. What are the prime factors of a?
2
Suppose -23*d = -21*d. Suppose d = 4*n + 4, 5*l - n + 3*n - 23 = 0. Suppose 4*i + 2 = l*i + 3*k, 5*k - 7 = -2*i. What are the prime factors of i?
11
Let f(b) = 320*b**2 - 70*b + 62. What are the prime factors of f(-9)?
2, 6653
Let a(u) = u**3 - 4*u**2 + u - 5. Let s be a(4). Let n(o) = 12*o - 54. Let t be n(-8). List the prime factors of 10/(-45)*-3*t/s.
2, 5
Suppose -8*l + 1502 = -5*l - 4*r, -5*l + 2546 = 4*r. What are the prime factors of (1 - (2 + -4)) + (l - -2)?
7, 73
Let r(z) = -z - 3. Let w be r(0). Suppose 0 = -83*a - a - 168. List the prime factors of a/(-13) - (w + (-8570)/65).
3, 5
Let q be (6/6)/(60/(-21) + 3). Let f(a) be the second derivative of a**5/20 - a**4/3 - a**3 + a**2/2 - 4*a. List the prime factors of f(q).
2, 53
Suppose -29*k - 67 = -28*k. List the prime factors of (-5 - -6 - k) + 2.
2, 5, 7
Let a = 355 + -31. Suppose 0*w - a = -3*h + 2*w, h + 4*w - 122 = 0. List the prime factors of h.
2, 5, 11
Let p(y) = 18*y + 75. Let i be p(-5). What are the prime factors of (6/i)/(11/(-16170))?
2, 3, 7
Let m(c) = -425*c**3 + 4*c**2 + 5*c + 10. What are the prime factors of m(-3)?
2, 11, 523
Let z(k) = -22*k - 20. Let m = -34 + 26. Let c be z(m). Suppose 4*p - c = -4*v, v - 36 = -p - 3*v. What are the prime factors of p?
2, 5
Suppose 172 = -7*n + 3*n. Let k = 28 + n. Let z = 22 + k. List the prime factors of z.
7
Suppose -4*u - 3*t + 69231 = 0, 0 = -3*u + 78*t - 83*t + 51937. What are the prime factors of u?
2, 3, 7, 103
Let y(d) be the third derivative of d**8/3360 + d**6/720 - 11*d**5/30 - 25*d**2. Let q(u) be the third derivative of y(u). What are the prime factors of q(2)?
5
What are the prime factors of -1 - -2615 - (-162)/18?
43, 